{"id":368,"date":"2021-03-30T16:08:23","date_gmt":"2021-03-30T16:08:23","guid":{"rendered":"https:\/\/4all-software.pt\/?page_id=368"},"modified":"2022-08-15T16:56:56","modified_gmt":"2022-08-15T15:56:56","slug":"servicos","status":"publish","type":"page","link":"https:\/\/4all-software.pt\/index.php\/servicos\/","title":{"rendered":"Servi\u00e7os"},"content":{"rendered":"\t\t<div data-elementor-type=\"wp-page\" data-elementor-id=\"368\" class=\"elementor elementor-368\" data-elementor-settings=\"[]\">\n\t\t\t\t\t\t\t<div class=\"elementor-section-wrap\">\n\t\t\t\t\t\t\t<section class=\"elementor-section elementor-top-section elementor-element elementor-element-0cfdaf9 elementor-section-height-min-height elementor-section-boxed elementor-section-height-default elementor-section-items-middle\" data-id=\"0cfdaf9\" data-element_type=\"section\" data-settings=\"{&quot;background_background&quot;:&quot;classic&quot;}\">\n\t\t\t\t\t\t<div class=\"elementor-container elementor-column-gap-default\">\n\t\t\t\t\t<div class=\"elementor-column elementor-col-33 elementor-top-column elementor-element elementor-element-cd31485\" data-id=\"cd31485\" data-element_type=\"column\">\n\t\t\t<div class=\"elementor-widget-wrap\">\n\t\t\t\t\t\t\t\t\t<\/div>\n\t\t<\/div>\n\t\t\t\t<div class=\"elementor-column elementor-col-33 elementor-top-column elementor-element elementor-element-7d0f457\" data-id=\"7d0f457\" data-element_type=\"column\">\n\t\t\t<div class=\"elementor-widget-wrap elementor-element-populated\">\n\t\t\t\t\t\t\t\t<div class=\"elementor-element elementor-element-ef690a7 elementor-widget elementor-widget-heading\" data-id=\"ef690a7\" data-element_type=\"widget\" data-widget_type=\"heading.default\">\n\t\t\t\t<div class=\"elementor-widget-container\">\n\t\t\t<h2 class=\"elementor-heading-title elementor-size-default\">SERVI\u00c7OS<\/h2>\t\t<\/div>\n\t\t\t\t<\/div>\n\t\t\t\t<div class=\"elementor-element elementor-element-711f047 elementor-widget elementor-widget-text-editor\" data-id=\"711f047\" data-element_type=\"widget\" data-widget_type=\"text-editor.default\">\n\t\t\t\t<div class=\"elementor-widget-container\">\n\t\t\t\t\t\t\t\t<p>Os nossos servi\u00e7os pautam-se pela satisfa\u00e7\u00e3o das suas necessidades e qualidade do produto final, assentes na sua robustez, seguran\u00e7a, desempenho, experi\u00eancia de utiliza\u00e7\u00e3o e atualiza\u00e7\u00e3o tecnol\u00f3gica, e suportadas por uma equipa qualificada, motivada, criativa, inovadora e comprometida com o sucesso.<\/p><p>Setores de atividade onde temos atuado como consultores e fornecedores de servi\u00e7os tecnol\u00f3gicos: transportes, agrotech, turismo, an\u00e1lises qu\u00edmicas e microbiol\u00f3gicas, administra\u00e7\u00e3o p\u00fablica, sa\u00fade.<\/p><p>Todo o investimento que realizar recorrendo aos nossos servi\u00e7os ser\u00e1 recuper\u00e1vel a 100% &#8211;<a href=\"https:\/\/4all-software.pt\/index.php\/sobre\/\" target=\"_blank\" rel=\"noopener\"> saiba como<\/a><\/p>\t\t\t\t\t\t<\/div>\n\t\t\t\t<\/div>\n\t\t\t\t\t<\/div>\n\t\t<\/div>\n\t\t\t\t<div class=\"elementor-column elementor-col-33 elementor-top-column elementor-element elementor-element-7d43d85\" data-id=\"7d43d85\" data-element_type=\"column\">\n\t\t\t<div class=\"elementor-widget-wrap\">\n\t\t\t\t\t\t\t\t\t<\/div>\n\t\t<\/div>\n\t\t\t\t\t\t\t<\/div>\n\t\t<\/section>\n\t\t\t\t<section class=\"elementor-section elementor-top-section elementor-element elementor-element-470689d elementor-section-height-min-height elementor-section-boxed elementor-section-height-default elementor-section-items-middle\" data-id=\"470689d\" data-element_type=\"section\" data-settings=\"{&quot;background_background&quot;:&quot;classic&quot;}\">\n\t\t\t\t\t\t<div class=\"elementor-container elementor-column-gap-default\">\n\t\t\t\t\t<div class=\"elementor-column elementor-col-25 elementor-top-column elementor-element elementor-element-c6d5b1f\" data-id=\"c6d5b1f\" data-element_type=\"column\">\n\t\t\t<div class=\"elementor-widget-wrap\">\n\t\t\t\t\t\t\t\t\t<\/div>\n\t\t<\/div>\n\t\t\t\t<div class=\"elementor-column elementor-col-25 elementor-top-column elementor-element elementor-element-4b17179\" data-id=\"4b17179\" data-element_type=\"column\">\n\t\t\t<div class=\"elementor-widget-wrap elementor-element-populated\">\n\t\t\t\t\t\t\t\t<div class=\"elementor-element elementor-element-cff2dc8 elementor-widget elementor-widget-heading\" data-id=\"cff2dc8\" data-element_type=\"widget\" data-widget_type=\"heading.default\">\n\t\t\t\t<div class=\"elementor-widget-container\">\n\t\t\t<h2 class=\"elementor-heading-title elementor-size-default\">Desenvolvimento de Software<\/h2>\t\t<\/div>\n\t\t\t\t<\/div>\n\t\t\t\t<div class=\"elementor-element elementor-element-4145558 elementor-widget elementor-widget-text-editor\" data-id=\"4145558\" data-element_type=\"widget\" data-widget_type=\"text-editor.default\">\n\t\t\t\t<div class=\"elementor-widget-container\">\n\t\t\t\t\t\t\t\t<p>Na 4ALL Software desenvolvemos solu\u00e7\u00f5es inform\u00e1ticas inovadoras, ajudando os nossos clientes a implementarem ou consolidarem estrat\u00e9gias de transforma\u00e7\u00e3o digital que lhes permitam adaptar-se \u00e0s crescentes exig\u00eancias do mercado.<\/p><p>Os nossos profissionais qualificados possuem vasta experi\u00eancia de desenvolvimento de plataformas digitais, implementando solu\u00e7\u00f5es otimizadas para as especificidades dos nossos clientes, cobrindo todo o ecossistema tecnol\u00f3gico desde o website ou aplica\u00e7\u00e3o m\u00f3vel at\u00e9 aos sistemas de gest\u00e3o empresarial e integra\u00e7\u00e3o com sistemas externos.<\/p><p>Somos especializados no desenvolvimento de aplica\u00e7\u00f5es de realidade aumentada e jogos, com visualiza\u00e7\u00e3o em websites, aplica\u00e7\u00f5es m\u00f3veis e dispositivos Microsoft<br \/>Hololens (imagens hologr\u00e1ficas).<\/p><p>Integramos outras plataformas ou aplica\u00e7\u00f5es com o software de fatura\u00e7\u00e3o Moloni. [<a href=\"https:\/\/4all-software.pt\/index.php\/produtos\/\" target=\"_blank\" rel=\"noopener\">Saber mais<\/a>]<\/p><p><span style=\"text-decoration: underline;\"><a href=\"https:\/\/4all-software.pt\/index.php\/contactos\/\" target=\"_blank\" rel=\"noopener\">Contacte-nos para mais informa\u00e7\u00f5es.<\/a><\/span><\/p>\t\t\t\t\t\t<\/div>\n\t\t\t\t<\/div>\n\t\t\t\t\t<\/div>\n\t\t<\/div>\n\t\t\t\t<div class=\"elementor-column elementor-col-25 elementor-top-column elementor-element elementor-element-00f7951\" data-id=\"00f7951\" data-element_type=\"column\">\n\t\t\t<div class=\"elementor-widget-wrap elementor-element-populated\">\n\t\t\t\t\t\t\t\t<div class=\"elementor-element elementor-element-276606c elementor-hidden-tablet elementor-widget elementor-widget-image\" data-id=\"276606c\" data-element_type=\"widget\" data-widget_type=\"image.default\">\n\t\t\t\t<div class=\"elementor-widget-container\">\n\t\t\t\t\t\t\t\t\t\t\t\t\t\t\t<img loading=\"lazy\" decoding=\"async\" width=\"924\" height=\"546\" src=\"https:\/\/4all-software.pt\/wp-content\/uploads\/2021\/03\/tech-meeting-flatlay.jpg\" class=\"attachment-large size-large\" alt=\"\" srcset=\"https:\/\/4all-software.pt\/wp-content\/uploads\/2021\/03\/tech-meeting-flatlay.jpg 924w, https:\/\/4all-software.pt\/wp-content\/uploads\/2021\/03\/tech-meeting-flatlay-300x177.jpg 300w, https:\/\/4all-software.pt\/wp-content\/uploads\/2021\/03\/tech-meeting-flatlay-768x454.jpg 768w\" sizes=\"auto, (max-width: 924px) 100vw, 924px\" \/>\t\t\t\t\t\t\t\t\t\t\t\t\t\t\t<\/div>\n\t\t\t\t<\/div>\n\t\t\t\t\t<\/div>\n\t\t<\/div>\n\t\t\t\t<div class=\"elementor-column elementor-col-25 elementor-top-column elementor-element elementor-element-a8d4391\" data-id=\"a8d4391\" data-element_type=\"column\">\n\t\t\t<div class=\"elementor-widget-wrap\">\n\t\t\t\t\t\t\t\t\t<\/div>\n\t\t<\/div>\n\t\t\t\t\t\t\t<\/div>\n\t\t<\/section>\n\t\t\t\t<section class=\"elementor-section elementor-top-section elementor-element elementor-element-f7d189f elementor-section-height-min-height elementor-section-boxed elementor-section-height-default elementor-section-items-middle\" data-id=\"f7d189f\" data-element_type=\"section\" data-settings=\"{&quot;background_background&quot;:&quot;classic&quot;}\">\n\t\t\t\t\t\t<div class=\"elementor-container elementor-column-gap-default\">\n\t\t\t\t\t<div class=\"elementor-column elementor-col-25 elementor-top-column elementor-element elementor-element-86f28bf\" data-id=\"86f28bf\" data-element_type=\"column\">\n\t\t\t<div class=\"elementor-widget-wrap\">\n\t\t\t\t\t\t\t\t\t<\/div>\n\t\t<\/div>\n\t\t\t\t<div class=\"elementor-column elementor-col-25 elementor-top-column elementor-element elementor-element-70c6fc0\" data-id=\"70c6fc0\" data-element_type=\"column\">\n\t\t\t<div class=\"elementor-widget-wrap elementor-element-populated\">\n\t\t\t\t\t\t\t\t<div class=\"elementor-element elementor-element-f13747b elementor-widget elementor-widget-image\" data-id=\"f13747b\" data-element_type=\"widget\" data-widget_type=\"image.default\">\n\t\t\t\t<div class=\"elementor-widget-container\">\n\t\t\t\t\t\t\t\t\t\t\t\t\t\t\t<img loading=\"lazy\" decoding=\"async\" width=\"925\" height=\"617\" src=\"https:\/\/4all-software.pt\/wp-content\/uploads\/2021\/03\/designing-on-computer.jpg\" class=\"attachment-large size-large\" alt=\"\" srcset=\"https:\/\/4all-software.pt\/wp-content\/uploads\/2021\/03\/designing-on-computer.jpg 925w, https:\/\/4all-software.pt\/wp-content\/uploads\/2021\/03\/designing-on-computer-300x200.jpg 300w, https:\/\/4all-software.pt\/wp-content\/uploads\/2021\/03\/designing-on-computer-768x512.jpg 768w\" sizes=\"auto, (max-width: 925px) 100vw, 925px\" \/>\t\t\t\t\t\t\t\t\t\t\t\t\t\t\t<\/div>\n\t\t\t\t<\/div>\n\t\t\t\t\t<\/div>\n\t\t<\/div>\n\t\t\t\t<div class=\"elementor-column elementor-col-25 elementor-top-column elementor-element elementor-element-6ca96d3\" data-id=\"6ca96d3\" data-element_type=\"column\">\n\t\t\t<div class=\"elementor-widget-wrap elementor-element-populated\">\n\t\t\t\t\t\t\t\t<div class=\"elementor-element elementor-element-bea455d elementor-widget elementor-widget-heading\" data-id=\"bea455d\" data-element_type=\"widget\" data-widget_type=\"heading.default\">\n\t\t\t\t<div class=\"elementor-widget-container\">\n\t\t\t<h2 class=\"elementor-heading-title elementor-size-default\">Design<\/h2>\t\t<\/div>\n\t\t\t\t<\/div>\n\t\t\t\t<div class=\"elementor-element elementor-element-20bb800 elementor-widget elementor-widget-text-editor\" data-id=\"20bb800\" data-element_type=\"widget\" data-widget_type=\"text-editor.default\">\n\t\t\t\t<div class=\"elementor-widget-container\">\n\t\t\t\t\t\t\t\t<p>Os nossos designers e produtores de conte\u00fados oferecem servi\u00e7os profissionais<br \/>qualificados em diversas \u00e1reas da comunica\u00e7\u00e3o visual, experi\u00eancia de utiliza\u00e7\u00e3o (UX Design) e produ\u00e7\u00e3o de conte\u00fados 3D, desenvolvendo marcas, websites, lojas online, conte\u00fados publicit\u00e1rios, solu\u00e7\u00f5es de realidade aumentada e jogos digitais.<\/p><p>Visite o nosso portef\u00f3lio:<\/p>\t\t\t\t\t\t<\/div>\n\t\t\t\t<\/div>\n\t\t\t\t<div class=\"elementor-element elementor-element-3cb8d36 elementor-align-center elementor-widget elementor-widget-button\" data-id=\"3cb8d36\" data-element_type=\"widget\" data-widget_type=\"button.default\">\n\t\t\t\t<div class=\"elementor-widget-container\">\n\t\t\t\t\t<div class=\"elementor-button-wrapper\">\n\t\t\t<a href=\"https:\/\/www.behance.net\/4allsoftware\" target=\"_blank\" class=\"elementor-button-link elementor-button elementor-size-sm elementor-animation-sink\" role=\"button\">\n\t\t\t\t\t\t<span class=\"elementor-button-content-wrapper\">\n\t\t\t\t\t\t<span class=\"elementor-button-text\">Portef\u00f3lio<\/span>\n\t\t<\/span>\n\t\t\t\t\t<\/a>\n\t\t<\/div>\n\t\t\t\t<\/div>\n\t\t\t\t<\/div>\n\t\t\t\t\t<\/div>\n\t\t<\/div>\n\t\t\t\t<div class=\"elementor-column elementor-col-25 elementor-top-column elementor-element elementor-element-bdc0534\" data-id=\"bdc0534\" data-element_type=\"column\">\n\t\t\t<div class=\"elementor-widget-wrap\">\n\t\t\t\t\t\t\t\t\t<\/div>\n\t\t<\/div>\n\t\t\t\t\t\t\t<\/div>\n\t\t<\/section>\n\t\t\t\t<section class=\"elementor-section elementor-top-section elementor-element elementor-element-2a5830a elementor-section-height-min-height elementor-section-boxed elementor-section-height-default elementor-section-items-middle\" data-id=\"2a5830a\" data-element_type=\"section\" data-settings=\"{&quot;background_background&quot;:&quot;classic&quot;}\">\n\t\t\t\t\t\t<div class=\"elementor-container elementor-column-gap-default\">\n\t\t\t\t\t<div class=\"elementor-column elementor-col-25 elementor-top-column elementor-element elementor-element-e2ed24f\" data-id=\"e2ed24f\" data-element_type=\"column\">\n\t\t\t<div class=\"elementor-widget-wrap\">\n\t\t\t\t\t\t\t\t\t<\/div>\n\t\t<\/div>\n\t\t\t\t<div class=\"elementor-column elementor-col-25 elementor-top-column elementor-element elementor-element-b47f62f\" data-id=\"b47f62f\" data-element_type=\"column\">\n\t\t\t<div class=\"elementor-widget-wrap elementor-element-populated\">\n\t\t\t\t\t\t\t\t<div class=\"elementor-element elementor-element-16c2ac5 elementor-widget elementor-widget-heading\" data-id=\"16c2ac5\" data-element_type=\"widget\" data-widget_type=\"heading.default\">\n\t\t\t\t<div class=\"elementor-widget-container\">\n\t\t\t<h2 class=\"elementor-heading-title elementor-size-default\">Consultoria<\/h2>\t\t<\/div>\n\t\t\t\t<\/div>\n\t\t\t\t<div class=\"elementor-element elementor-element-8440bbe elementor-widget elementor-widget-text-editor\" data-id=\"8440bbe\" data-element_type=\"widget\" data-widget_type=\"text-editor.default\">\n\t\t\t\t<div class=\"elementor-widget-container\">\n\t\t\t\t\t\t\t\t<p>Como consequ\u00eancia da experi\u00eancia de v\u00e1rias d\u00e9cadas em atividades de conhecimento intensivo, ajudamos os nossos clientes a fazerem as melhores escolhas de solu\u00e7\u00f5es tecnol\u00f3gicas a adquirir ou desenvolver para potenciar os seus neg\u00f3cios.<\/p><p>Fazemos a gest\u00e3o de equipas de IT, integrando profissionais contratados diretamente pelos nossos clientes. Se necess\u00e1rio, incorporamos temporariamente na sua equipa especialistas da 4ALL Software, em regime de outsourcing.<\/p><p><span style=\"text-decoration: underline;\"><a href=\"https:\/\/4all-software.pt\/index.php\/contactos\/\" target=\"_blank\" rel=\"noopener\">Contacte-nos para mais informa\u00e7\u00f5es.<\/a><\/span><\/p>\t\t\t\t\t\t<\/div>\n\t\t\t\t<\/div>\n\t\t\t\t\t<\/div>\n\t\t<\/div>\n\t\t\t\t<div class=\"elementor-column elementor-col-25 elementor-top-column elementor-element elementor-element-68b22e7\" data-id=\"68b22e7\" data-element_type=\"column\">\n\t\t\t<div class=\"elementor-widget-wrap elementor-element-populated\">\n\t\t\t\t\t\t\t\t<div class=\"elementor-element elementor-element-e253397 elementor-hidden-tablet elementor-widget elementor-widget-image\" data-id=\"e253397\" data-element_type=\"widget\" data-widget_type=\"image.default\">\n\t\t\t\t<div class=\"elementor-widget-container\">\n\t\t\t\t\t\t\t\t\t\t\t\t\t\t\t<img loading=\"lazy\" decoding=\"async\" width=\"925\" height=\"617\" src=\"https:\/\/4all-software.pt\/wp-content\/uploads\/2021\/03\/office-team-business-meeting.jpg\" class=\"attachment-large size-large\" alt=\"\" srcset=\"https:\/\/4all-software.pt\/wp-content\/uploads\/2021\/03\/office-team-business-meeting.jpg 925w, https:\/\/4all-software.pt\/wp-content\/uploads\/2021\/03\/office-team-business-meeting-300x200.jpg 300w, https:\/\/4all-software.pt\/wp-content\/uploads\/2021\/03\/office-team-business-meeting-768x512.jpg 768w\" sizes=\"auto, (max-width: 925px) 100vw, 925px\" \/>\t\t\t\t\t\t\t\t\t\t\t\t\t\t\t<\/div>\n\t\t\t\t<\/div>\n\t\t\t\t\t<\/div>\n\t\t<\/div>\n\t\t\t\t<div class=\"elementor-column elementor-col-25 elementor-top-column elementor-element elementor-element-85ea88b\" data-id=\"85ea88b\" data-element_type=\"column\">\n\t\t\t<div class=\"elementor-widget-wrap\">\n\t\t\t\t\t\t\t\t\t<\/div>\n\t\t<\/div>\n\t\t\t\t\t\t\t<\/div>\n\t\t<\/section>\n\t\t\t\t<section class=\"elementor-section elementor-top-section elementor-element elementor-element-be8ca0c elementor-section-boxed elementor-section-height-default elementor-section-height-default\" data-id=\"be8ca0c\" data-element_type=\"section\" data-settings=\"{&quot;background_background&quot;:&quot;classic&quot;}\">\n\t\t\t\t\t\t<div class=\"elementor-container elementor-column-gap-default\">\n\t\t\t\t\t<div class=\"elementor-column elementor-col-100 elementor-top-column elementor-element elementor-element-383791d\" data-id=\"383791d\" data-element_type=\"column\">\n\t\t\t<div class=\"elementor-widget-wrap elementor-element-populated\">\n\t\t\t\t\t\t\t\t<div class=\"elementor-element elementor-element-382edcb elementor-widget elementor-widget-spacer\" data-id=\"382edcb\" data-element_type=\"widget\" data-widget_type=\"spacer.default\">\n\t\t\t\t<div class=\"elementor-widget-container\">\n\t\t\t\t\t<div class=\"elementor-spacer\">\n\t\t\t<div class=\"elementor-spacer-inner\"><\/div>\n\t\t<\/div>\n\t\t\t\t<\/div>\n\t\t\t\t<\/div>\n\t\t\t\t\t<\/div>\n\t\t<\/div>\n\t\t\t\t\t\t\t<\/div>\n\t\t<\/section>\n\t\t\t\t\t\t<\/div>\n\t\t\t\t\t<\/div>\n\t\t","protected":false},"excerpt":{"rendered":"<p>SERVI\u00c7OS Os nossos servi\u00e7os pautam-se pela satisfa\u00e7\u00e3o das suas necessidades e qualidade do produto final, assentes na sua robustez, seguran\u00e7a, desempenho, experi\u00eancia de utiliza\u00e7\u00e3o e atualiza\u00e7\u00e3o tecnol\u00f3gica, e suportadas por uma equipa qualificada, motivada, criativa, inovadora e comprometida com o sucesso. Setores de atividade onde temos atuado como consultores e fornecedores de servi\u00e7os tecnol\u00f3gicos: transportes, [&hellip;]<\/p>\n","protected":false},"author":1,"featured_media":0,"parent":0,"menu_order":0,"comment_status":"closed","ping_status":"closed","template":"elementor_header_footer","meta":{"footnotes":""},"class_list":["post-368","page","type-page","status-publish","hentry","entry"],"_links":{"self":[{"href":"https:\/\/4all-software.pt\/index.php\/wp-json\/wp\/v2\/pages\/368","targetHints":{"allow":["GET"]}}],"collection":[{"href":"https:\/\/4all-software.pt\/index.php\/wp-json\/wp\/v2\/pages"}],"about":[{"href":"https:\/\/4all-software.pt\/index.php\/wp-json\/wp\/v2\/types\/page"}],"author":[{"embeddable":true,"href":"https:\/\/4all-software.pt\/index.php\/wp-json\/wp\/v2\/users\/1"}],"replies":[{"embeddable":true,"href":"https:\/\/4all-software.pt\/index.php\/wp-json\/wp\/v2\/comments?post=368"}],"version-history":[{"count":77,"href":"https:\/\/4all-software.pt\/index.php\/wp-json\/wp\/v2\/pages\/368\/revisions"}],"predecessor-version":[{"id":1115,"href":"https:\/\/4all-software.pt\/index.php\/wp-json\/wp\/v2\/pages\/368\/revisions\/1115"}],"wp:attachment":[{"href":"https:\/\/4all-software.pt\/index.php\/wp-json\/wp\/v2\/media?parent=368"}],"curies":[{"name":"wp","href":"https:\/\/api.w.org\/{rel}","templated":true}]}}